{"id":1611,"date":"2023-03-07T13:30:04","date_gmt":"2023-03-07T13:30:04","guid":{"rendered":"https:\/\/erichfromm.edu.br\/?post_type=product&#038;p=1611"},"modified":"2023-06-24T14:46:41","modified_gmt":"2023-06-24T14:46:41","slug":"licenciatura-letras-lingua-portuguesa","status":"publish","type":"product","link":"https:\/\/erichfromm.edu.br\/?product=licenciatura-letras-lingua-portuguesa","title":{"rendered":"Licenciatura Letras &#8211; L\u00edngua Portuguesa"},"content":{"rendered":"<div class=\"modal-header\">\n<h3 class=\"heading preset-3\">Informa\u00e7\u00f5es sobre Letras &#8211; L\u00edngua Portuguesa<\/h3>\n<p>&nbsp;<\/p>\n<\/div>\n<div class=\"modal-body\">\n<article>\n<h4 class=\"heading preset-5\">Conta mais!<\/h4>\n<div class=\"rich-text\">\n<p>O curso de bacharel em L\u00edngua Portuguesa \u00e9 para aqueles que t\u00eam interesse em aumentar seu conhecimento e dom\u00ednio do nosso idioma. O objetivo \u00e9 preparar profissionais para atuar com compet\u00eancia em qualquer \u00e1rea que tenha a necessidade de um maior entendimento do Portugu\u00eas.<\/p>\n<p>Com dura\u00e7\u00e3o m\u00ednima de 3 anos (6 per\u00edodos), o curso prepara nossos alunos para atuar na \u00e1rea da pesquisa ou no meio empresarial com efici\u00eancia, qualidade, criatividade e sensibilidade. O curso de bacharel em L\u00edngua Portuguesa apresenta uma abordagem hist\u00f3rica da l\u00edngua, da lingu\u00edstica e da literatura. \u00c9 uma forma\u00e7\u00e3o acad\u00eamica ampla com foco no desenvolvimento de conhecimentos que contribuam para reflex\u00e3o e cr\u00edtica da nossa l\u00edngua. Os alunos t\u00eam a oportunidade de participar de projetos de extens\u00e3o realizados em comunidades locais e de a\u00e7\u00f5es de responsabilidade social.<\/p>\n<div class=\"section-headline\">\n<h2 class=\"heading preset-2\">O profissional<\/h2>\n<\/div>\n<div class=\"row\">\n<div class=\"col-lg-6\">\n<div class=\"card-media space\">\n<h3 class=\"heading preset-4\">Curioso<\/h3>\n<p>Gosta de se aprofundar nos assuntos que estuda e sempre est\u00e1 em busca de novos conhecimentos em diversas \u00e1reas.<\/p>\n<\/div>\n<\/div>\n<div class=\"col-lg-6\">\n<div class=\"card-media space\">\n<h3 class=\"heading preset-4\">Boa comunica\u00e7\u00e3o<\/h3>\n<p>\u00c9 importante saber explicar e ter um bom vocabul\u00e1rio para seguir a carreira acad\u00eamica.<\/p>\n<\/div>\n<\/div>\n<div class=\"col-lg-6\">\n<div class=\"card-media space\">\n<h3 class=\"heading preset-4\">Conhecimentos gerais<\/h3>\n<p>Uma pessoa que est\u00e1 sempre atento \u00e0s novas culturas, h\u00e1bitos, vocabul\u00e1rios e ser um grande entendedor e apreciador da literatura.<\/p>\n<\/div>\n<\/div>\n<div class=\"col-lg-6\">\n<div class=\"card-media space\">\n<h3 class=\"heading preset-4\">Concentra\u00e7\u00e3o<\/h3>\n<p>Poder de concentra\u00e7\u00e3o, organiza\u00e7\u00e3o e disciplina s\u00e3o fundamentais para quem deseja trabalhar com pesquisa ou tradu\u00e7\u00e3o.<\/p>\n<section id=\"atuacao\" class=\"section section-gray\">\n<div class=\"container\">\n<div class=\"section-headline\">\n<h2 class=\"heading preset-2\">\u00c1rea de atua\u00e7\u00e3o<\/h2>\n<\/div>\n<div class=\"container\">\n<div class=\"swiper-container swiper-container-initialized swiper-container-horizontal swiper-container-autoheight swiper-slides-three\">\n<div class=\"swiper-wrapper\">\n<div class=\"swiper-slide swiper-slide-prev\">\n<div class=\"card-media\">\n<p><img decoding=\"async\" src=\"https:\/\/liferay-cdn.estacioprd.net\/documents\/20124\/385473\/EDITOR.jpg\/8decf4c3-6649-dbd2-823d-25e61373b821?t=1587736585968\" \/><\/p>\n<h3 class=\"heading preset-4\">Editor<\/h3>\n<p>Edita textos dos mais variados tipos, como obras liter\u00e1rias e teses acad\u00eamicas. Define o formato e adapta os textos para os diferentes tipos de m\u00eddia.<\/p>\n<\/div>\n<\/div>\n<div class=\"swiper-slide swiper-slide-active\">\n<div class=\"card-media\">\n<p><img decoding=\"async\" src=\"https:\/\/liferay-cdn.estacioprd.net\/documents\/20124\/385473\/INTERPRETE.jpg\/173785e2-5842-3c41-2f66-581363bc17ef?t=1587736586408\" \/><\/p>\n<h3 class=\"heading preset-4\">Int\u00e9rprete<\/h3>\n<p>Profissional respons\u00e1vel por estabelecer a comunica\u00e7\u00e3o entre duas pessoas que n\u00e3o falam o mesmo idioma. Pode traduzir simultaneamente reuni\u00f5es, palestras e eventos internacionais transmitidos ao vivo.<\/p>\n<\/div>\n<\/div>\n<div class=\"swiper-slide swiper-slide-next\">\n<div class=\"card-media\">\n<p><img decoding=\"async\" src=\"https:\/\/liferay-cdn.estacioprd.net\/documents\/20124\/385473\/REVISOR.jpg\/6a9eb401-6416-24fc-4dd1-c6b4eaecc6a9?t=1587736586785\" \/><\/p>\n<h3 class=\"heading preset-4\">Revisor<\/h3>\n<p>Este profissional tem como responsabilidade a revis\u00e3o de textos. N\u00e3o existe restri\u00e7\u00e3o de g\u00eanero textual, ele pode fazer desde a corre\u00e7\u00e3o de produ\u00e7\u00f5es acad\u00eamicas, como artigos e TCCs, at\u00e9 ser contratado por uma ag\u00eancia de publicidade para verificar os textos das campanhas.<\/p>\n<\/div>\n<\/div>\n<div class=\"swiper-slide\">\n<div class=\"card-media\">\n<p><img decoding=\"async\" src=\"https:\/\/liferay-cdn.estacioprd.net\/documents\/20124\/385473\/TRADUTOR.jpg\/ea21fcc1-a83c-50ac-774a-5cc1c00fad7a?t=1587736587165\" \/><\/p>\n<h3 class=\"heading preset-4\">Tradutor<\/h3>\n<p>Profissional que traduz textos em ingl\u00eas para outros idiomas ou vice-versa. Pode traduzir desde obras liter\u00e1rias at\u00e9 bulas de rem\u00e9dio.<\/p>\n<\/div>\n<\/div>\n<\/div>\n<div class=\"swiper-navigation swiper-navigation-dark\">\n<div class=\"modal-header\">\n<h3 class=\"heading preset-3\">Grade curricular Digital<\/h3>\n<p>&nbsp;<\/p>\n<\/div>\n<div class=\"modal-body\">\n<article>\n<h4 class=\"heading preset-5\">Confira as mat\u00e9rias do curso de Letras &#8211; L\u00edngua Portuguesa:<\/h4>\n<div class=\"rich-text\">\n<ul>\n<li>LITERATURA PORTUGUESA FUNDAMENTOS<\/li>\n<li>L\u00cdNGUA PORTUGUESA<\/li>\n<li>METODOLOGIA CIENT\u00cdFICA<\/li>\n<li>PENSAMENTO COMPUTACIONAL<\/li>\n<li>PLANEJAMENTO DE CARREIRA E SUCESSO PROFISSIONAL<\/li>\n<li>CULTURA CL\u00c1SSICA: CONTRIBUI\u00c7\u00d5ES LINGU\u00cdSTICAS<\/li>\n<li>FON\u00c9TICA E FONOLOGIA DO PORTUGU\u00caS<\/li>\n<li>LINGUAGENS DA ARTE E REGIONALIDADES<\/li>\n<li>MORFOLOGIA PORTUGUESA<\/li>\n<li>OFICINA LITER\u00c1RIA<\/li>\n<li>LINGU\u00cdSTICA PRESSUPOSTOS TE\u00d3RICOS<\/li>\n<li>PRODU\u00c7\u00c3O TEXTUAL<\/li>\n<li>TEORIA DA LITERATURA: CONCEITOS CL\u00c1SSICOS<\/li>\n<li>TEORIA DA LITERATURA: MODERNIDADE<\/li>\n<li>T\u00d3PICOS EM LIBRAS: SURDEZ E INCLUS\u00c3O<\/li>\n<li>CORRE\u00c7\u00c3O E REVIS\u00c3O DE TEXTO<\/li>\n<li>LINGU\u00cdSTICA: PR\u00c1XIS<\/li>\n<li>LITERATURA BRASILEIRA: FUNDAMENTOS<\/li>\n<li>LITERATURAS EM L\u00cdNGUA PORTUGUESA<\/li>\n<li>SINTAXE DA L\u00cdNGUA PORTUGUESA<\/li>\n<li>FORMA\u00c7\u00c3O DA L\u00cdNGUA PORTUGUESA<\/li>\n<li>LITERATURA BRASILEIRA: PR\u00c9 E P\u00d3S MODERNISMO<\/li>\n<li>LITERATURA COMPARADA<\/li>\n<li>LITERATURA PORTUGUESA DO PR\u00c9 AO P\u00d3S-MODERNISMO<\/li>\n<li>TEORIAS DO DISCURSO<\/li>\n<li>ASPECTOS SEMIOL\u00d3GICOS DO DISCURSO<\/li>\n<li>CONTA\u00c7\u00c3O DE HIST\u00d3RIA<\/li>\n<li>EDUCA\u00c7\u00c3O, CULTURA E DIVERSIDADE<\/li>\n<li>EST\u00c9TICA E HIST\u00d3RIA DA ARTE CONTEMPOR\u00c2NEA<\/li>\n<li>GREGO B\u00cdBLICO<\/li>\n<li>HEBRAICO B\u00cdBLICO<\/li>\n<li>HIST\u00d3RIA DOS POVOS IND\u00cdGENAS E AFRO DESCENDENTES<\/li>\n<li>LATIM<\/li>\n<li>PR\u00c1TICA DE PESQUISA EM L\u00cdNGUA PORTUGUESA<\/li>\n<\/ul>\n<\/div>\n<\/article>\n<\/div>\n<\/div>\n<\/div>\n<\/div>\n<\/div>\n<\/section>\n<section id=\"grade\" class=\"section section-dark-blue curriculum\">\n<div class=\"section-media section-media-right\"><\/div>\n<\/section>\n<\/div>\n<\/div>\n<\/div>\n<\/div>\n<\/article>\n<\/div>\n","protected":false},"excerpt":{"rendered":"<p>Informa\u00e7\u00f5es sobre Letras &#8211; L\u00edngua Portuguesa &nbsp; Conta mais! O curso de bacharel em L\u00edngua Portuguesa \u00e9 para aqueles que t\u00eam interesse em aumentar seu conhecimento e dom\u00ednio do nosso idioma. O objetivo \u00e9 preparar profissionais para atuar com compet\u00eancia em qualquer \u00e1rea que tenha a necessidade de um maior entendimento do Portugu\u00eas. Com dura\u00e7\u00e3o [&hellip;]<\/p>\n","protected":false},"featured_media":1612,"comment_status":"open","ping_status":"closed","template":"","meta":[],"product_cat":[52],"product_tag":[],"class_list":{"0":"post-1611","1":"product","2":"type-product","3":"status-publish","4":"has-post-thumbnail","6":"product_cat-graduacao","8":"first","9":"instock","10":"sale","11":"featured","12":"shipping-taxable","13":"purchasable","14":"product-type-simple"},"_links":{"self":[{"href":"https:\/\/erichfromm.edu.br\/index.php?rest_route=\/wp\/v2\/product\/1611","targetHints":{"allow":["GET"]}}],"collection":[{"href":"https:\/\/erichfromm.edu.br\/index.php?rest_route=\/wp\/v2\/product"}],"about":[{"href":"https:\/\/erichfromm.edu.br\/index.php?rest_route=\/wp\/v2\/types\/product"}],"replies":[{"embeddable":true,"href":"https:\/\/erichfromm.edu.br\/index.php?rest_route=%2Fwp%2Fv2%2Fcomments&post=1611"}],"wp:featuredmedia":[{"embeddable":true,"href":"https:\/\/erichfromm.edu.br\/index.php?rest_route=\/wp\/v2\/media\/1612"}],"wp:attachment":[{"href":"https:\/\/erichfromm.edu.br\/index.php?rest_route=%2Fwp%2Fv2%2Fmedia&parent=1611"}],"wp:term":[{"taxonomy":"product_cat","embeddable":true,"href":"https:\/\/erichfromm.edu.br\/index.php?rest_route=%2Fwp%2Fv2%2Fproduct_cat&post=1611"},{"taxonomy":"product_tag","embeddable":true,"href":"https:\/\/erichfromm.edu.br\/index.php?rest_route=%2Fwp%2Fv2%2Fproduct_tag&post=1611"}],"curies":[{"name":"wp","href":"https:\/\/api.w.org\/{rel}","templated":true}]}}